e q + 0*h - 43 = 3*h, -2*q + 54 = 2*h. What is the highest common factor of q and 93?
31
Let u = 6 - 4. Suppose -h - u*l = -22, -l - 40 = -4*h + 3*l. Let d(p) = -6*p - 8. Let f be d(-13). What is the highest common divisor of h and f?
14
Let o(j) = -j**2 + 26*j - 19. Let d be o(18). What is the greatest common divisor of 25 and d?
25
Suppose 0 = j + 3*j - 16. Suppose 3*a = -5*t + 71, -a - a + j = 0. Calculate the greatest common factor of 143 and t.
13
Suppose -6*c = -3*c + 3*o - 39, 3*c - 49 = -o. What is the highest common divisor of 54 and c?
18
Let s(a) = 2*a**3 - a**2 + a - 2. Let d be s(2). Calculate the greatest common divisor of 108 and d.
12
Let r be -6*-62*1/4. Calculate the greatest common divisor of r and 62.
31
Let s be 204/18 - -4 - 2/6. What is the highest common factor of s and 15?
15
Let u(o) = -o**2 + 4*o + 7. Let s be u(6). Let c be s/(-5) - (2 - 3). Calculate the highest common divisor of 2 and c.
2
Let a be (0 + 58 - 3)*4. Calculate the highest common factor of 20 and a.
20
Let j(k) = -2*k**2 + 8*k + 3. Let t be j(8). Let g = 105 + t. Suppose h - 13 = 3*u + g, 2*u + 272 = 5*h. What is the greatest common factor of h and 9?
9
Suppose -3*w - 12 = -5*w. Calculate the greatest common factor of 6 and w.
6
Let y be (-56)/(-6) - (-1)/(-3). Let i = -151 - -297. Let w be i/8 - 4/16. Calculate the greatest common factor of w and y.
9
Let b(w) = -2*w**3 - 4*w**2 - 4*w + 1. Let j be b(-3). Let g = 47 - j. What is the greatest common divisor of 24 and g?
8
Suppose -3*z - l + 33 = -1, -2*z + 4 = -4*l. Let r = 20 + -18. What is the greatest common divisor of r and z?
2
Let q = -58 - -159. Suppose -3*z = -55 - q. Calculate the highest common factor of 78 and z.
26
Suppose -11*r + 14*r = 756. What is the greatest common factor of r and 28?
28
Suppose 8 = 2*l - 4. What is the greatest common factor of l and 48?
6
Suppose -24 = -v - 3*v. Let i(k) = -7*k. Let w = -4 + -2. Let s be i(w). Calculate the greatest common factor of s and v.
6
Let i be 4/2*(-16)/(-2). Suppose 2*y = y, -4*y - 32 = -2*a. What is the greatest common divisor of a and i?
16
Suppose 4*w - 24 = 4*b, 3*w = -b + 10 - 0. Suppose 18 - 122 = -3*o + w*d, 4*o = 4*d + 144. Calculate the greatest common factor of 5 and o.
5
Let t be (-50)/25*(-14)/2. Suppose -2 + 0 = -l. Calculate the highest common factor of l and t.
2
Let h(b) = 4*b - 1. Let c be h(3). What is the highest common factor of 11 and c?
11
Let b(w) = 2*w + 9. Let l be b(4). Suppose 0 = 4*g - l - 23. Calculate the greatest common factor of 4 and g.
2
Let m(u) = u**3 + 3*u**2 - 5*u. Let r be m(-4). Suppose 2*h - 392 = 4*g, -h + r*g = 2*h - 592. What is the greatest common divisor of 25 and h?
25
Suppose -a = -0 - 5, 4*j - 3*a = 81. Calculate the greatest common factor of j and 6.
6
Let y(x) = x**3 - 6*x**2 - 13*x + 10. Let l be y(8). Calculate the greatest common divisor of 170 and l.
34
Let c be ((-42)/(-70))/(2/30). What is the highest common factor of 81 and c?
9
Suppose 0 = i - 3*o - 30, 3*i + o = 37 + 33. Suppose s + 16 = -5*h, 2*s - s - i = 5*h. Calculate the greatest common factor of s and 36.
4
Let h(y) = y**3 - 5*y**2 + 4*y. Let s be h(6). Suppose 4*b - k - 96 = 0, 0 = -4*b + b - 3*k + 72. Calculate the greatest common factor of s and b.
12
Let t = 5 - 5. Suppose t = -s - 8 + 80. Calculate the greatest common divisor of s and 12.
12
Let x(c) = c**3 + 6*c**2 + 3*c + 8. Let f be x(-5). Suppose -12 = -0*h - 2*h. Calculate the greatest common divisor of f and h.
6
Let q(b) = b**3 - 17*b**2 + 2*b + 26. Let d be q(17). What is the highest common divisor of 24 and d?
12
Suppose -2*c = 3*k - 11, k = 2*k - 3*c + 11. Suppose -3*b - 9 = -3*m, m + 22 = -0*b - 4*b. Let i = 5 + m. Calculate the greatest common divisor of k and i.
1
Suppose 0 = -3*o + 6. Suppose 7*k - 90 = o*k - 5*i, 0 = -2*i - 6. What is the highest common divisor of k and 21?
21
Suppose -128 = -4*f + 376. Calculate the greatest common divisor of 14 and f.
14
Let d(h) = h + 3. Let g be d(-2). Let u be 36*g - (-11)/(-11). Calculate the greatest common factor of 7 and u.
7
Let h(x) be the second derivative of x**4/2 + x**3/6 + 2*x. Let f be h(4). Calculate the highest common divisor of f and 40.
20
Let g(s) = 24*s**2 - 4*s + 12. Let i be g(3). Calculate the highest common divisor of 24 and i.
24
Suppose -h + 5*h - 12 = 0. Suppose -8*n = -h*n - 60. Suppose -4*o + o = -180. Calculate the greatest common divisor of n and o.
12
Let q(g) = 5*g - 6. Let l be q(8). Calculate the greatest common factor of l and 51.
17
Let l(o) = 33*o**2 + 3*o + 2. Let x be l(-2). Let j be x/12 - 2/(-6). Let h = -6 + 17. What is the highest common divisor of j and h?
11
Suppose 0 = -i + 1 - 3. Let v be 152 - ((-2)/i - 3). What is the highest common divisor of 14 and v?
14
Suppose -4*k - 752 = -8*k. What is the highest common divisor of 47 and k?
47
Suppose m = 44 - 9. Suppose 4*y - m = 3*y. What is the highest common factor of 7 and y?
7
Let p(s) = -s**3 + s**2 - s + 34. Let w be p(0). Calculate the highest common factor of w and 51.
17
Let z(r) = 7*r**2 - 8*r + 1. Let u be z(-6). Let j = u - 202. Calculate the greatest common divisor of 11 and j.
11
Let g(s) be the second derivative of s**3/6 + 11*s**2/2 + 4*s. Let n be g(0). What is the greatest common divisor of n and 121?
11
Suppose -28 = u - 402. Calculate the highest common divisor of 34 and u.
34
Suppose 8 = 4*x - 12. Suppose 0 = -3*p + x*t + 160 - 46, t = -2*p + 63. Calculate the highest common divisor of p and 22.
11
Suppose 5*l - 211 = -31. What is the highest common divisor of l and 9?
9
Let j be (9 + -13)/(2/(-8)). Calculate the greatest common factor of j and 40.
8
Suppose -8*c = -7*c - 10. Calculate the highest common factor of c and 70.
10
Let p = -21 - -42. What is the highest common factor of 105 and p?
21
Let s(c) = c**3 + 8*c**2 - 2*c + 3. Let f be s(-8). Calculate the highest common divisor of f and 19.
19
Let m be (-2)/4 - 14/(-4). Let k = m - 3. Suppose -a = -k*a - 56. Calculate the highest common factor of 7 and a.
7
Let n(w) be the second derivative of w**3/2 - 2*w**2 - w. Let x be n(6). Calculate the greatest common divisor of 154 and x.
14
Let x be 5*((-53)/(-20) + 4/(-16)). Let n be 1*(2*17 - -2). Calculate the highest common factor of n and x.
12
Let t(h) = -h**3 - 5*h**2 - h - 5. Let s be t(-5). Suppose s = -w - 3 + 10. What is the highest common factor of w and 7?
7
Let w(p) = 2*p - 2. Let j be w(8). What is the greatest common divisor of j and 2?
2
Let h be (-6)/(-12) - 2/4. Let i = 0 + h. Let z be 8/(-1)*(i + -1). What is the highest common factor of 16 and z?
8
Suppose -31 = -x - 5*y, x - 3*x + 37 = 5*y. Let j be x/2 - (-11 - 5). What is the greatest common factor of 209 and j?
19
Let f(y) be the first derivative of y**4/4 + 7*y**3/3 + 5*y**2/2 + 5*y - 2. Let q be f(-5). Calculate the highest common factor of 75 and q.
15
Suppose 0 = 4*q - 16 - 48. Suppose 0*z + 4*z = -400. Let o = z - -212. What is the highest common divisor of q and o?
16
Let v be 30/(-40)*220/(-15). Let g be (1/(-2))/(1/122). Let q = g + 94. What is the highest common factor of v and q?
11
Let y = -11 - -13. What is the greatest common factor of y and 2?
2
Suppose 5*o = 171 - 41. Suppose 3*s + 28 = -17. Let c = o + s. Calculate the greatest common factor of c and 44.
11
Suppose -18 = -2*a - 4*s, s - 13 = -3*a + 2*s. Suppose -a*n = -267 - 363. Calculate the greatest common factor of n and 18.
18
Let h(v) be the second derivative of v**4/12 + 2*v**3/3 - 5*v**2/2 - v. Let c be h(-6). Calculate the greatest common factor of 7 and c.
7
Let j be (-10)/35 + 513/7. Suppose -87 = -5*y + j. Let s = -23 + 39. Calculate the highest common divisor of s and y.
16
Suppose -4*c = 2*c - 420. Calculate the highest common factor of c and 10.
10
Let k be 4/(2/3*3). Let d(g) = 22*g**2 - 2*g. Let h be d(k). Calculate the greatest common factor of h and 21.
21
Let a(c) = c**3 - 2*c**2 - 11*c - 6. Let h be a(5). Suppose -p = -5*p + 84. Calculate the highest common factor of p and h.
7
Let n(y) = y**2 + 2*y - 4. Let p be n(-3). Let b be 0 + p + (-4 - -8). Let d = -2 - -5. What is the greatest common factor of b and d?
3
Let y = -88 + 216. Suppose o - 5*o + 64 = 0. Calculate the greatest common factor of o and y.
16
Suppose 360 = 4*v - 19*m + 17*m, -84 =